{"id":5099,"date":"2016-07-08T21:52:55","date_gmt":"2016-07-08T19:52:55","guid":{"rendered":"http:\/\/www.speedtest.pl\/wiadomosci\/?page_id=5099"},"modified":"2025-07-08T14:14:55","modified_gmt":"2025-07-08T12:14:55","slug":"o-nas","status":"publish","type":"page","link":"https:\/\/www.speedtest.pl\/wiadomosci\/o-nas\/","title":{"rendered":"Redakcja SpeedTest.pl Wiadomo\u015bci"},"content":{"rendered":"<p>SpeedTest.pl jest wpisany przez S\u0105d Okregowy we Wroc\u0142awiu Wydzia\u0142 I Cywilny do rejestru dziennik\u00f3w i czasopism pod numerem 3553.<\/p>\n<h2>Redaktor naczelny: Bernard Szymczak<\/h2>\n<p><strong data-start=\"82\" data-end=\"102\">Bernard Szymczak<\/strong> \u2013 wsp\u00f3\u0142za\u0142o\u017cyciel i CEO V\u2011Speed, firmy stoj\u0105cej za serwisami takimi jak SpeedTest.pl, Ping-Test.net, a tak\u017ce popularnymi aplikacjami mobilnymi do testowania pr\u0119dko\u015bci internetu. Specjalizuje si\u0119 w analizie danych, rozwoju produkt\u00f3w cyfrowych i monetyzacji tre\u015bci online. Z wykszta\u0142cenia informatyk i mened\u017cer (Politechnika Wroc\u0142awska), z pasji gracz, mi\u0142o\u015bnik szach\u00f3w, motoryzacji i dobrej literatury.<\/p>\n<p style=\"text-align: left;\">Wpisy Bernarda:\u00a0<a href=\"https:\/\/www.speedtest.pl\/wiadomosci\/author\/bernard\/\">https:\/\/www.speedtest.pl\/wiadomosci\/author\/bernard\/<\/a><br \/>e-mail:\u00a0<a href=\"mailto:bernard@speedtest.pl\">bernard@speedtest.pl<\/a><\/p>\n<h2>Przemys\u0142aw Jarz\u0105b<\/h2>\n<p style=\"text-align: justify;\">Przemek jest m\u00f3zgiem operacyjnym SpeedTest.pl. Studiowa\u0142 na Politechnice Wroc\u0142awskiej elektronik\u0119 i telekomunikacj\u0119. Zarz\u0105dza projektami IT, relacjami z klientami oraz nadzoruje procesy rozwoju. Prywatnie zaanga\u017cowany w rodzin\u0119 i wspacie r\u00f3\u017cnych dzia\u0142alno\u015bci charytatywnych.<\/p>\n<p style=\"text-align: left;\">Wpisy Przemka: <a href=\"https:\/\/www.speedtest.pl\/wiadomosci\/author\/przemek\/\">https:\/\/www.speedtest.pl\/wiadomosci\/author\/przemek\/<\/a><br \/>e-mail:\u00a0<a href=\"mailto:przemek@speedtest.pl\">przemek@speedtest.pl<\/a><\/p>\n\n\n<p><\/p>\n","protected":false},"excerpt":{"rendered":"<p>SpeedTest.pl jest wpisany przez S\u0105d Okregowy we Wroc\u0142awiu Wydzia\u0142 I Cywilny do rejestru dziennik\u00f3w i czasopism pod numerem 3553. Redaktor naczelny: Bernard Szymczak Bernard Szymczak \u2013 wsp\u00f3\u0142za\u0142o\u017cyciel i CEO V\u2011Speed, firmy stoj\u0105cej za serwisami takimi jak SpeedTest.pl, Ping-Test.net, a tak\u017ce popularnymi aplikacjami mobilnymi do testowania pr\u0119dko\u015bci internetu. Specjalizuje si\u0119 w analizie danych, rozwoju produkt\u00f3w cyfrowych [&hellip;]<\/p>\n","protected":false},"author":2,"featured_media":0,"parent":0,"menu_order":0,"comment_status":"closed","ping_status":"closed","template":"","meta":{"jetpack_post_was_ever_published":false,"footnotes":""},"class_list":["post-5099","page","type-page","status-publish","hentry"],"yoast_head":"<!-- This site is optimized with the Yoast SEO plugin v24.8.1 - https:\/\/yoast.com\/wordpress\/plugins\/seo\/ -->\n<title>Redakcja SpeedTest.pl Wiadomo\u015bci - SpeedTest.pl Wiadomo\u015bci<\/title>\n<meta name=\"robots\" content=\"index, follow, max-snippet:-1, max-image-preview:large, max-video-preview:-1\" \/>\n<link rel=\"canonical\" href=\"https:\/\/www.speedtest.pl\/wiadomosci\/o-nas\/\" \/>\n<meta property=\"og:locale\" content=\"pl_PL\" \/>\n<meta property=\"og:type\" content=\"article\" \/>\n<meta property=\"og:title\" content=\"Redakcja SpeedTest.pl Wiadomo\u015bci - SpeedTest.pl Wiadomo\u015bci\" \/>\n<meta property=\"og:description\" content=\"SpeedTest.pl jest wpisany przez S\u0105d Okregowy we Wroc\u0142awiu Wydzia\u0142 I Cywilny do rejestru dziennik\u00f3w i czasopism pod numerem 3553. Redaktor naczelny: Bernard Szymczak Bernard Szymczak \u2013 wsp\u00f3\u0142za\u0142o\u017cyciel i CEO V\u2011Speed, firmy stoj\u0105cej za serwisami takimi jak SpeedTest.pl, Ping-Test.net, a tak\u017ce popularnymi aplikacjami mobilnymi do testowania pr\u0119dko\u015bci internetu. Specjalizuje si\u0119 w analizie danych, rozwoju produkt\u00f3w cyfrowych [&hellip;]\" \/>\n<meta property=\"og:url\" content=\"https:\/\/www.speedtest.pl\/wiadomosci\/o-nas\/\" \/>\n<meta property=\"og:site_name\" content=\"SpeedTest.pl Wiadomo\u015bci\" \/>\n<meta property=\"article:publisher\" content=\"https:\/\/www.facebook.com\/speedtestpl\/\" \/>\n<meta property=\"article:modified_time\" content=\"2025-07-08T12:14:55+00:00\" \/>\n<meta name=\"twitter:card\" content=\"summary_large_image\" \/>\n<meta name=\"twitter:site\" content=\"@speedtestpl\" \/>\n<meta name=\"twitter:label1\" content=\"Szacowany czas czytania\" \/>\n\t<meta name=\"twitter:data1\" content=\"1 minuta\" \/>\n<script type=\"application\/ld+json\" class=\"yoast-schema-graph\">{\"@context\":\"https:\/\/schema.org\",\"@graph\":[{\"@type\":\"WebPage\",\"@id\":\"https:\/\/www.speedtest.pl\/wiadomosci\/o-nas\/\",\"url\":\"https:\/\/www.speedtest.pl\/wiadomosci\/o-nas\/\",\"name\":\"Redakcja SpeedTest.pl Wiadomo\u015bci - SpeedTest.pl Wiadomo\u015bci\",\"isPartOf\":{\"@id\":\"https:\/\/www.speedtest.pl\/wiadomosci\/#website\"},\"datePublished\":\"2016-07-08T19:52:55+00:00\",\"dateModified\":\"2025-07-08T12:14:55+00:00\",\"breadcrumb\":{\"@id\":\"https:\/\/www.speedtest.pl\/wiadomosci\/o-nas\/#breadcrumb\"},\"inLanguage\":\"pl-PL\",\"potentialAction\":[{\"@type\":\"ReadAction\",\"target\":[\"https:\/\/www.speedtest.pl\/wiadomosci\/o-nas\/\"]}]},{\"@type\":\"BreadcrumbList\",\"@id\":\"https:\/\/www.speedtest.pl\/wiadomosci\/o-nas\/#breadcrumb\",\"itemListElement\":[{\"@type\":\"ListItem\",\"position\":1,\"name\":\"Strona g\u0142\u00f3wna\",\"item\":\"https:\/\/www.speedtest.pl\/wiadomosci\/\"},{\"@type\":\"ListItem\",\"position\":2,\"name\":\"Redakcja SpeedTest.pl Wiadomo\u015bci\"}]},{\"@type\":\"WebSite\",\"@id\":\"https:\/\/www.speedtest.pl\/wiadomosci\/#website\",\"url\":\"https:\/\/www.speedtest.pl\/wiadomosci\/\",\"name\":\"SpeedTest.pl Wiadomo\u015bci\",\"description\":\"Rankingi ISP, newsy i opinie ze \u015bwiata IT, recenzje sprz\u0119tu, gry, motoryzacja\",\"potentialAction\":[{\"@type\":\"SearchAction\",\"target\":{\"@type\":\"EntryPoint\",\"urlTemplate\":\"https:\/\/www.speedtest.pl\/wiadomosci\/?s={search_term_string}\"},\"query-input\":{\"@type\":\"PropertyValueSpecification\",\"valueRequired\":true,\"valueName\":\"search_term_string\"}}],\"inLanguage\":\"pl-PL\"}]}<\/script>\n<!-- \/ Yoast SEO plugin. -->","yoast_head_json":{"title":"Redakcja SpeedTest.pl Wiadomo\u015bci - SpeedTest.pl Wiadomo\u015bci","robots":{"index":"index","follow":"follow","max-snippet":"max-snippet:-1","max-image-preview":"max-image-preview:large","max-video-preview":"max-video-preview:-1"},"canonical":"https:\/\/www.speedtest.pl\/wiadomosci\/o-nas\/","og_locale":"pl_PL","og_type":"article","og_title":"Redakcja SpeedTest.pl Wiadomo\u015bci - SpeedTest.pl Wiadomo\u015bci","og_description":"SpeedTest.pl jest wpisany przez S\u0105d Okregowy we Wroc\u0142awiu Wydzia\u0142 I Cywilny do rejestru dziennik\u00f3w i czasopism pod numerem 3553. Redaktor naczelny: Bernard Szymczak Bernard Szymczak \u2013 wsp\u00f3\u0142za\u0142o\u017cyciel i CEO V\u2011Speed, firmy stoj\u0105cej za serwisami takimi jak SpeedTest.pl, Ping-Test.net, a tak\u017ce popularnymi aplikacjami mobilnymi do testowania pr\u0119dko\u015bci internetu. Specjalizuje si\u0119 w analizie danych, rozwoju produkt\u00f3w cyfrowych [&hellip;]","og_url":"https:\/\/www.speedtest.pl\/wiadomosci\/o-nas\/","og_site_name":"SpeedTest.pl Wiadomo\u015bci","article_publisher":"https:\/\/www.facebook.com\/speedtestpl\/","article_modified_time":"2025-07-08T12:14:55+00:00","twitter_card":"summary_large_image","twitter_site":"@speedtestpl","twitter_misc":{"Szacowany czas czytania":"1 minuta"},"schema":{"@context":"https:\/\/schema.org","@graph":[{"@type":"WebPage","@id":"https:\/\/www.speedtest.pl\/wiadomosci\/o-nas\/","url":"https:\/\/www.speedtest.pl\/wiadomosci\/o-nas\/","name":"Redakcja SpeedTest.pl Wiadomo\u015bci - SpeedTest.pl Wiadomo\u015bci","isPartOf":{"@id":"https:\/\/www.speedtest.pl\/wiadomosci\/#website"},"datePublished":"2016-07-08T19:52:55+00:00","dateModified":"2025-07-08T12:14:55+00:00","breadcrumb":{"@id":"https:\/\/www.speedtest.pl\/wiadomosci\/o-nas\/#breadcrumb"},"inLanguage":"pl-PL","potentialAction":[{"@type":"ReadAction","target":["https:\/\/www.speedtest.pl\/wiadomosci\/o-nas\/"]}]},{"@type":"BreadcrumbList","@id":"https:\/\/www.speedtest.pl\/wiadomosci\/o-nas\/#breadcrumb","itemListElement":[{"@type":"ListItem","position":1,"name":"Strona g\u0142\u00f3wna","item":"https:\/\/www.speedtest.pl\/wiadomosci\/"},{"@type":"ListItem","position":2,"name":"Redakcja SpeedTest.pl Wiadomo\u015bci"}]},{"@type":"WebSite","@id":"https:\/\/www.speedtest.pl\/wiadomosci\/#website","url":"https:\/\/www.speedtest.pl\/wiadomosci\/","name":"SpeedTest.pl Wiadomo\u015bci","description":"Rankingi ISP, newsy i opinie ze \u015bwiata IT, recenzje sprz\u0119tu, gry, motoryzacja","potentialAction":[{"@type":"SearchAction","target":{"@type":"EntryPoint","urlTemplate":"https:\/\/www.speedtest.pl\/wiadomosci\/?s={search_term_string}"},"query-input":{"@type":"PropertyValueSpecification","valueRequired":true,"valueName":"search_term_string"}}],"inLanguage":"pl-PL"}]}},"jetpack_sharing_enabled":true,"jetpack_shortlink":"https:\/\/wp.me\/P85ce0-1kf","_links":{"self":[{"href":"https:\/\/www.speedtest.pl\/wiadomosci\/wp-json\/wp\/v2\/pages\/5099","targetHints":{"allow":["GET"]}}],"collection":[{"href":"https:\/\/www.speedtest.pl\/wiadomosci\/wp-json\/wp\/v2\/pages"}],"about":[{"href":"https:\/\/www.speedtest.pl\/wiadomosci\/wp-json\/wp\/v2\/types\/page"}],"author":[{"embeddable":true,"href":"https:\/\/www.speedtest.pl\/wiadomosci\/wp-json\/wp\/v2\/users\/2"}],"replies":[{"embeddable":true,"href":"https:\/\/www.speedtest.pl\/wiadomosci\/wp-json\/wp\/v2\/comments?post=5099"}],"version-history":[{"count":27,"href":"https:\/\/www.speedtest.pl\/wiadomosci\/wp-json\/wp\/v2\/pages\/5099\/revisions"}],"predecessor-version":[{"id":36440,"href":"https:\/\/www.speedtest.pl\/wiadomosci\/wp-json\/wp\/v2\/pages\/5099\/revisions\/36440"}],"wp:attachment":[{"href":"https:\/\/www.speedtest.pl\/wiadomosci\/wp-json\/wp\/v2\/media?parent=5099"}],"curies":[{"name":"wp","href":"https:\/\/api.w.org\/{rel}","templated":true}]}}